r of y and 7?
7
Suppose 16*d = 10*d + 12. Suppose 4*q + 248 = 5*b, d*q - 202 = -5*b + 64. Calculate the greatest common factor of b and 8.
4
Let v be (15 + -4)/(-8 + (10 - 1)). What is the greatest common factor of v and 253?
11
Suppose 4*x + 195 - 1147 = 4*t, 4*x = -t + 977. Suppose 23 = -11*l + x. Calculate the highest common factor of 10 and l.
10
Let x be 14734/14 + 188/329. Calculate the greatest common divisor of x and 26.
13
Let y = -40 - -60. Let g = 112 - 107. Suppose 0*p + g*m = -2*p + 295, 15 = 5*m. What is the highest common divisor of p and y?
20
Let w = -505 - -191. Let b = 362 + w. What is the greatest common factor of 480 and b?
48
Suppose 0 = -4*s + 2*b + 68, 0 = 2*s - s + 4*b - 17. Let c be (-52)/((11/132)/(-1)) + -12. Calculate the greatest common divisor of c and s.
17
Let t be 2 + 12/(-42)*(4 - -3). Suppose -75*f + 77*f = -2*i + 80, t = 4*i - 5*f - 178. Let j be 63*(2 + -1)/1. Calculate the highest common divisor of j and i.
21
Let h = 2322 - 2300. Calculate the highest common factor of 1562 and h.
22
Let w(j) = -1543*j + 485. Let s be w(-4). Calculate the greatest common divisor of s and 84.
21
Suppose 5*m = f - 6, -f = -3*f - 4*m - 2. Let u(g) = 17*g**2 + 154*g + 16. Let c be u(-9). What is the greatest common divisor of c and f?
1
Let a be ((-112)/6)/(-1)*18/12. Suppose a*y - 34 = 26*y. What is the greatest common factor of y and 153?
17
Suppose -38 = -t - 19*d + 21*d, 0 = t - 4*d - 34. Calculate the highest common factor of t and 147.
21
Let g = 481 + -103. Calculate the greatest common factor of 84 and g.
42
Suppose 10*t - 2*j - 112368 = 161532, -t + 27390 = -3*j. Calculate the greatest common divisor of t and 5.
5
Suppose -d - 2 = 24. Let i = 4 - d. Suppose 8*w = -11 + 131. What is the highest common divisor of i and w?
15
Suppose 2*a = 10 + 4. Let w be (-54)/(-6) + -1 + 6 + -7. Let i be w + -2 - (-77 - -5). Calculate the greatest common divisor of a and i.
7
Let f be (-219776)/(-952) + (-8)/(-7). Calculate the highest common factor of f and 261.
29
Let g be (60/(-9))/(1/(-3)). Let p = 73 - 5. Suppose -4*o + p = -g. What is the greatest common divisor of 44 and o?
22
Suppose 0 = -i - 3 + 6. Let s be 7/((-28)/(-36)) + (1 - 2). Suppose -22*v + s*v + 378 = 0. What is the greatest common factor of i and v?
3
Suppose 5*s - 1107 = 2573. Suppose -4*p = -8*p + s. Suppose -2*t + t = -2*r + 47, 5*t = -5*r + 110. What is the greatest common factor of r and p?
23
Suppose 2*v = 2*p + 206, 3*v - 2*p - 876 + 571 = 0. Calculate the greatest common divisor of v and 3531.
33
Let n(i) = i**3 + 4*i**2 - 3*i + 8. Let m be n(6). Let x be (37/((-7992)/3360))/(6/(-81)). What is the highest common divisor of x and m?
70
Let z = -13 + 20. Let d = -1478543 - -1479614. Calculate the highest common factor of d and z.
7
Let l(z) = z + 13. Let k be l(-9). Suppose 3*f = 8 + k. Suppose -3*s + f*c + 72 = -361, 4*s + 5*c = 598. Calculate the greatest common divisor of s and 21.
21
Suppose 0 = 3*j - 2*q - 3, 4*q - 12 = -3*j + 3*q. Suppose 4*u + j*u - 462 = 0. Calculate the highest common factor of u and 6.
6
Let l = 583 + -539. Let f be (42 + 2)*(-20)/(-10). What is the highest common factor of l and f?
44
Suppose -t + 0*t + 20 = 0. Let w = 258 + -258. Suppose 9*a - 4*a - 15 = 0, 4*q - 5*a - 5 = w. What is the highest common factor of q and t?
5
Suppose -4*y - 56 = -y - 4*y. Suppose -28 = -b - 3*b. What is the greatest common divisor of y and b?
7
Suppose 5*o - 7 - 13 = 0. Suppose -o*f - 5*b + 113 + 18 = 0, -5*f = -3*b - 173. Suppose 37*h - 27 = f*h. Calculate the greatest common divisor of h and 63.
9
Let k = 65767 - 65655. Let h be 2 - (0/(-3))/(-3). What is the greatest common divisor of k and h?
2
Let a(s) = 12*s**2 - 7*s + 4. Let x be a(2). Suppose 429 = -27*w + x*w. What is the greatest common divisor of w and 39?
39
Suppose -4*p - 238 = -3*s, 3*p = 4*s - p - 316. Calculate the highest common divisor of 793 and s.
13
Let v be ((-70)/(-8))/((-2)/(-8)). Suppose 672 = 74*j - 271*j + 1657. Calculate the highest common factor of j and v.
5
Suppose 2*n - 63 = -x, 15*n - 4*x = 18*n - 72. Calculate the highest common divisor of n and 2610.
18
Let p = 74 + 3468. Calculate the greatest common factor of 1232 and p.
154
Suppose z = 2*t + 43, -2*z - 281*t = -276*t - 95. What is the greatest common factor of z and 21015?
45
Suppose -831*q + 29503 = -100*q + 725*q - 8353. Suppose 2*p = 3*p - 182. Calculate the highest common divisor of q and p.
26
Let r(v) = 8*v**3 + v**2 + 11. Let s be r(-3). Let h be (s/(-20) - 11)/(6/(-200)). What is the highest common divisor of h and 100?
20
Let x = 1347 - 1165. Calculate the highest common divisor of x and 756.
14
Let w be (-1 - -130)*17/(-51). Let m = w - -50. Let i = 87 + -59. Calculate the highest common factor of m and i.
7
Let w be (-1 - 16) + 4672/73. Suppose 4*x - x = 5781. Calculate the greatest common factor of x and w.
47
Let g be 2/10 + (4470/(-25))/(-1). Suppose -4*w + 1279 - g = 0. What is the greatest common factor of 25 and w?
25
Let w(t) = 69*t + 859. Let b be w(19). Calculate the greatest common divisor of 105 and b.
35
Let m be (4 - 0/(-20)) + 4001. What is the highest common factor of m and 90?
45
Suppose 0 = -5*p + h + 59, p = 4*h + 28 - 1. Suppose 44 + p = v. Let r be -1*((3 + 2)/(-1) - 6). Calculate the greatest common divisor of r and v.
11
Let p = -296 - -237. Let k be (p - -58) + 0 + 7. Let d = 34 + -19. Calculate the greatest common divisor of k and d.
3
Suppose -77*x - 727942 + 3426715 = 0. Calculate the greatest common divisor of x and 42.
21
Suppose d - 950 = 5*t + 3*d, -d = 0. Let h = t + 268. Calculate the greatest common divisor of 104 and h.
26
Suppose 3 = 3*c + 78. Let b = 34 + c. Let x be (-6)/9 - (-231)/b. What is the highest common factor of 75 and x?
25
Let p = 3518 + -3336. Calculate the greatest common divisor of p and 637.
91
Let k = 483 + -680. Let h = 344 + k. Let g(q) = -q**3 - 4*q**2 - 5*q + 1. Let d be g(-4). What is the greatest common divisor of h and d?
21
Suppose -15 = 5*l - 2*l, 0 = 2*c + l - 47. Suppose -165*t = -14*t - 90298. What is the highest common factor of t and c?
26
Let l be 1 - (180/(-1) - 1). Let n be 45/4 + (-1606)/(-584). Calculate the highest common divisor of l and n.
14
Let t be -51*(-4)/68*6. Calculate the highest common factor of t and 822.
6
Let s = -383 - -389. Let i(w) = 259*w - 119. Let z be i(s). Calculate the greatest common divisor of z and 35.
35
Let f(w) = 34*w + 983. Let a be f(-15). What is the greatest common divisor of a and 44?
11
Let d be 2/4 - (4 + (-34)/4). Suppose d*o - 3*v = -0*o + 528, 0 = v + 1. Calculate the highest common divisor of o and 35.
35
Let c = -12578 + 12823. Calculate the highest common divisor of c and 1568.
49
Let c(h) = 27*h - 3745*h**3 + 3746*h**3 - 4*h - 23*h**2 - 4. Let g be c(22). Calculate the highest common factor of g and 522.
18
Let k = -2758 - -2922. What is the highest common divisor of k and 533?
41
Let w be 10/1 + 2 + -3. Let z = 518 - 574. Let n be (-2250)/(-252) - 4/z. Calculate the greatest common factor of w and n.
9
Let m(l) = l**2 - l - 14. Let k be m(6). Let z = -12 + k. Suppose z*y = -5*o + 94, 4*o = -y + 31 - 2. What is the highest common divisor of 7 and y?
7
Suppose -4*j = -7*j + 9. Let d be (0/(-3))/(j/(6/4)). Let z(u) = -3*u**2 + 11. Let v be z(d). Calculate the highest common divisor of 99 and v.
11
Let j be 7 - (8 + -15 + -461). What is the highest common divisor of j and 50?
25
Let d(l) = 11*l**3 + l - 5. Let h be d(-2). Let a = 95 - 15. Let j = a - h. Calculate the greatest common divisor of j and 70.
35
Suppose 3*s + 3*s = 120. Let v = s - 18. Suppose 4*n - n - d = 115, 8 = -v*d. Calculate the highest common divisor of 37 and n.
37
Let a(r) = -12*r - 3*r + 14*r**2 + 12 + 24 - r + r**3. Let k be a(-15). What is the greatest common divisor of k and 68?
17
Suppose -18*g + 26*g = 480. Let b(l) = -l + 80. Let w be b(0). Calculate the greatest common divisor of w and g.
20
Suppose 2*v + 24 = 4*v. Suppose 17*t - 5*u - 1458 = -433, 0 = 3*u + 3. What is the greatest common factor of t and v?
12
Suppose 4*i = -14*r + 18*r - 376, 5*i + 280 = 3*r. Suppose 5*z + 294 = 4*a, -3*a + 2*z = -8*a + 384. Calculate the highest common divisor of r and a.
19
Suppose -413 = -2*w + 5*v, -4*w - 4*v + 837 - 8